{"id":343,"date":"2021-04-15T12:42:04","date_gmt":"2021-04-15T10:42:04","guid":{"rendered":"https:\/\/zuzanaglindova.com\/?page_id=343"},"modified":"2021-09-29T00:46:24","modified_gmt":"2021-09-28T22:46:24","slug":"referencie","status":"publish","type":"page","link":"https:\/\/zuzanaglindova.com\/?page_id=343","title":{"rendered":"REFERENCIE"},"content":{"rendered":"\n<p><\/p>\n\n\n\n<p>Zdeno z Trnavy<\/p>\n\n\n\n<p>\u201e pani Glindov\u00e1, s odstupom \u010dasu mus\u00edm poveda\u0165, \u017ee \u0161koda, \u017ee sme o V\u00e1s nevedeli sk\u00f4r, t.j. v dobe kedy sme \u201eprer\u00e1bali\u201c vn\u00fatro domu , u\u017e to v\u0161etko mohlo by\u0165 za nami a na inej, vy\u0161\u0161ej \u00farovni. Som Ve\u013emi spokojn\u00fd s t\u00fdm, \u010do Ste pre n\u00e1s vytvorila. Ak by V\u00e1m to nevadilo, budem \u0161\u00edri\u0165 dobr\u00e9 meno o Va\u0161ej pr\u00e1ci medzi mojimi zn\u00e1mymi. Aktu\u00e1lne a ani v bl\u00edzkej bud\u00facnosti s\u00edce neviem o nikom, kto by potreboval Va\u0161e slu\u017eby, ale \u010dlovek nikdy nevie, dobr\u00e1 zves\u0165 \u00fastnym podan\u00edm sa \u0161\u00edri r\u00fdchlo a \u010faleko \u201e <\/p>\n\n\n\n<p><\/p>\n\n\n\n<p>Lenka z Trnavy &#8211; <\/p>\n\n\n\n<p>&#8222;Ve\u013emi pr\u00edjemn\u00e1 a mil\u00e1 pani, ktor\u00e1 sa rozumie svojej pr\u00e1ci, n\u00e1vrhy uroben\u00e9 \u0148ou boli kr\u00e1sne <img loading=\"lazy\" alt=\"\ud83d\ude42\" src=\"https:\/\/static.xx.fbcdn.net\/images\/emoji.php\/v9\/t4c\/1\/16\/1f642.png\" width=\"16\" height=\"16\"> je ochotn\u00e1 pom\u00f4c\u0165 aj s realiz\u00e1ciou, ur\u010dite odpor\u00fa\u010dam! <img loading=\"lazy\" alt=\"\ud83d\ude42\" src=\"https:\/\/static.xx.fbcdn.net\/images\/emoji.php\/v9\/t4c\/1\/16\/1f642.png\" width=\"16\" height=\"16\">&#8222;<\/p>\n","protected":false},"excerpt":{"rendered":"<p>Zdeno z Trnavy \u201e pani Glindov\u00e1, s odstupom \u010dasu mus\u00edm poveda\u0165, \u017ee \u0161koda, \u017ee sme o V\u00e1s nevedeli sk\u00f4r, t.j. v dobe kedy sme \u201eprer\u00e1bali\u201c vn\u00fatro domu , u\u017e to v\u0161etko mohlo by\u0165 za nami a na inej, vy\u0161\u0161ej \u00farovni. Som Ve\u013emi spokojn\u00fd s t\u00fdm, \u010do Ste pre n\u00e1s vytvorila. Ak by V\u00e1m to nevadilo, &hellip; <\/p>\n<p class=\"link-more\"><a href=\"https:\/\/zuzanaglindova.com\/?page_id=343\" class=\"more-link\">Pokra\u010dova\u0165 v \u010d\u00edtan\u00ed<span class=\"screen-reader-text\"> &#8222;REFERENCIE&#8220;<\/span><\/a><\/p>\n","protected":false},"author":1,"featured_media":0,"parent":0,"menu_order":0,"comment_status":"closed","ping_status":"closed","template":"","meta":{"_monsterinsights_skip_tracking":false,"_monsterinsights_sitenote_active":false,"_monsterinsights_sitenote_note":"","_monsterinsights_sitenote_category":0},"yoast_head":"<!-- This site is optimized with the Yoast SEO plugin v19.4 - https:\/\/yoast.com\/wordpress\/plugins\/seo\/ -->\n<title>REFERENCIE - zuzanaglindova.com<\/title>\n<meta name=\"robots\" content=\"index, follow, max-snippet:-1, max-image-preview:large, max-video-preview:-1\" \/>\n<link rel=\"canonical\" href=\"https:\/\/zuzanaglindova.com\/?page_id=343\" \/>\n<meta property=\"og:locale\" content=\"sk_SK\" \/>\n<meta property=\"og:type\" content=\"article\" \/>\n<meta property=\"og:title\" content=\"REFERENCIE - zuzanaglindova.com\" \/>\n<meta property=\"og:description\" content=\"Zdeno z Trnavy \u201e pani Glindov\u00e1, s odstupom \u010dasu mus\u00edm poveda\u0165, \u017ee \u0161koda, \u017ee sme o V\u00e1s nevedeli sk\u00f4r, t.j. v dobe kedy sme \u201eprer\u00e1bali\u201c vn\u00fatro domu , u\u017e to v\u0161etko mohlo by\u0165 za nami a na inej, vy\u0161\u0161ej \u00farovni. Som Ve\u013emi spokojn\u00fd s t\u00fdm, \u010do Ste pre n\u00e1s vytvorila. Ak by V\u00e1m to nevadilo, &hellip; Pokra\u010dova\u0165 v \u010d\u00edtan\u00ed &quot;REFERENCIE&quot;\" \/>\n<meta property=\"og:url\" content=\"https:\/\/zuzanaglindova.com\/?page_id=343\" \/>\n<meta property=\"og:site_name\" content=\"zuzanaglindova.com\" \/>\n<meta property=\"article:modified_time\" content=\"2021-09-28T22:46:24+00:00\" \/>\n<meta property=\"og:image\" content=\"https:\/\/static.xx.fbcdn.net\/images\/emoji.php\/v9\/t4c\/1\/16\/1f642.png\" \/>\n<meta name=\"twitter:card\" content=\"summary_large_image\" \/>\n<meta name=\"twitter:label1\" content=\"Predpokladan\u00fd \u010das \u010d\u00edtania\" \/>\n\t<meta name=\"twitter:data1\" content=\"1 min\u00fata\" \/>\n<script type=\"application\/ld+json\" class=\"yoast-schema-graph\">{\"@context\":\"https:\/\/schema.org\",\"@graph\":[{\"@type\":\"Organization\",\"@id\":\"https:\/\/zuzanaglindova.com\/#organization\",\"name\":\"zuzanaglindova.com\",\"url\":\"https:\/\/zuzanaglindova.com\/\",\"sameAs\":[],\"logo\":{\"@type\":\"ImageObject\",\"inLanguage\":\"sk-SK\",\"@id\":\"https:\/\/zuzanaglindova.com\/#\/schema\/logo\/image\/\",\"url\":\"https:\/\/zuzanaglindova.com\/wp-content\/uploads\/2020\/10\/cropped-LOGO-ZG-1.jpg\",\"contentUrl\":\"https:\/\/zuzanaglindova.com\/wp-content\/uploads\/2020\/10\/cropped-LOGO-ZG-1.jpg\",\"width\":250,\"height\":250,\"caption\":\"zuzanaglindova.com\"},\"image\":{\"@id\":\"https:\/\/zuzanaglindova.com\/#\/schema\/logo\/image\/\"}},{\"@type\":\"WebSite\",\"@id\":\"https:\/\/zuzanaglindova.com\/#website\",\"url\":\"https:\/\/zuzanaglindova.com\/\",\"name\":\"zuzanaglindova.com\",\"description\":\"ZG - Dizajn pre \u017eivot \/ Design for life\",\"publisher\":{\"@id\":\"https:\/\/zuzanaglindova.com\/#organization\"},\"potentialAction\":[{\"@type\":\"SearchAction\",\"target\":{\"@type\":\"EntryPoint\",\"urlTemplate\":\"https:\/\/zuzanaglindova.com\/?s={search_term_string}\"},\"query-input\":\"required name=search_term_string\"}],\"inLanguage\":\"sk-SK\"},{\"@type\":\"WebPage\",\"@id\":\"https:\/\/zuzanaglindova.com\/?page_id=343\",\"url\":\"https:\/\/zuzanaglindova.com\/?page_id=343\",\"name\":\"REFERENCIE - zuzanaglindova.com\",\"isPartOf\":{\"@id\":\"https:\/\/zuzanaglindova.com\/#website\"},\"datePublished\":\"2021-04-15T10:42:04+00:00\",\"dateModified\":\"2021-09-28T22:46:24+00:00\",\"breadcrumb\":{\"@id\":\"https:\/\/zuzanaglindova.com\/?page_id=343#breadcrumb\"},\"inLanguage\":\"sk-SK\",\"potentialAction\":[{\"@type\":\"ReadAction\",\"target\":[\"https:\/\/zuzanaglindova.com\/?page_id=343\"]}]},{\"@type\":\"BreadcrumbList\",\"@id\":\"https:\/\/zuzanaglindova.com\/?page_id=343#breadcrumb\",\"itemListElement\":[{\"@type\":\"ListItem\",\"position\":1,\"name\":\"Home\",\"item\":\"https:\/\/zuzanaglindova.com\/\"},{\"@type\":\"ListItem\",\"position\":2,\"name\":\"REFERENCIE\"}]}]}<\/script>\n<!-- \/ Yoast SEO plugin. -->","yoast_head_json":{"title":"REFERENCIE - zuzanaglindova.com","robots":{"index":"index","follow":"follow","max-snippet":"max-snippet:-1","max-image-preview":"max-image-preview:large","max-video-preview":"max-video-preview:-1"},"canonical":"https:\/\/zuzanaglindova.com\/?page_id=343","og_locale":"sk_SK","og_type":"article","og_title":"REFERENCIE - zuzanaglindova.com","og_description":"Zdeno z Trnavy \u201e pani Glindov\u00e1, s odstupom \u010dasu mus\u00edm poveda\u0165, \u017ee \u0161koda, \u017ee sme o V\u00e1s nevedeli sk\u00f4r, t.j. v dobe kedy sme \u201eprer\u00e1bali\u201c vn\u00fatro domu , u\u017e to v\u0161etko mohlo by\u0165 za nami a na inej, vy\u0161\u0161ej \u00farovni. Som Ve\u013emi spokojn\u00fd s t\u00fdm, \u010do Ste pre n\u00e1s vytvorila. Ak by V\u00e1m to nevadilo, &hellip; Pokra\u010dova\u0165 v \u010d\u00edtan\u00ed \"REFERENCIE\"","og_url":"https:\/\/zuzanaglindova.com\/?page_id=343","og_site_name":"zuzanaglindova.com","article_modified_time":"2021-09-28T22:46:24+00:00","og_image":[{"url":"https:\/\/static.xx.fbcdn.net\/images\/emoji.php\/v9\/t4c\/1\/16\/1f642.png"}],"twitter_card":"summary_large_image","twitter_misc":{"Predpokladan\u00fd \u010das \u010d\u00edtania":"1 min\u00fata"},"schema":{"@context":"https:\/\/schema.org","@graph":[{"@type":"Organization","@id":"https:\/\/zuzanaglindova.com\/#organization","name":"zuzanaglindova.com","url":"https:\/\/zuzanaglindova.com\/","sameAs":[],"logo":{"@type":"ImageObject","inLanguage":"sk-SK","@id":"https:\/\/zuzanaglindova.com\/#\/schema\/logo\/image\/","url":"https:\/\/zuzanaglindova.com\/wp-content\/uploads\/2020\/10\/cropped-LOGO-ZG-1.jpg","contentUrl":"https:\/\/zuzanaglindova.com\/wp-content\/uploads\/2020\/10\/cropped-LOGO-ZG-1.jpg","width":250,"height":250,"caption":"zuzanaglindova.com"},"image":{"@id":"https:\/\/zuzanaglindova.com\/#\/schema\/logo\/image\/"}},{"@type":"WebSite","@id":"https:\/\/zuzanaglindova.com\/#website","url":"https:\/\/zuzanaglindova.com\/","name":"zuzanaglindova.com","description":"ZG - Dizajn pre \u017eivot \/ Design for life","publisher":{"@id":"https:\/\/zuzanaglindova.com\/#organization"},"potentialAction":[{"@type":"SearchAction","target":{"@type":"EntryPoint","urlTemplate":"https:\/\/zuzanaglindova.com\/?s={search_term_string}"},"query-input":"required name=search_term_string"}],"inLanguage":"sk-SK"},{"@type":"WebPage","@id":"https:\/\/zuzanaglindova.com\/?page_id=343","url":"https:\/\/zuzanaglindova.com\/?page_id=343","name":"REFERENCIE - zuzanaglindova.com","isPartOf":{"@id":"https:\/\/zuzanaglindova.com\/#website"},"datePublished":"2021-04-15T10:42:04+00:00","dateModified":"2021-09-28T22:46:24+00:00","breadcrumb":{"@id":"https:\/\/zuzanaglindova.com\/?page_id=343#breadcrumb"},"inLanguage":"sk-SK","potentialAction":[{"@type":"ReadAction","target":["https:\/\/zuzanaglindova.com\/?page_id=343"]}]},{"@type":"BreadcrumbList","@id":"https:\/\/zuzanaglindova.com\/?page_id=343#breadcrumb","itemListElement":[{"@type":"ListItem","position":1,"name":"Home","item":"https:\/\/zuzanaglindova.com\/"},{"@type":"ListItem","position":2,"name":"REFERENCIE"}]}]}},"_links":{"self":[{"href":"https:\/\/zuzanaglindova.com\/index.php?rest_route=\/wp\/v2\/pages\/343"}],"collection":[{"href":"https:\/\/zuzanaglindova.com\/index.php?rest_route=\/wp\/v2\/pages"}],"about":[{"href":"https:\/\/zuzanaglindova.com\/index.php?rest_route=\/wp\/v2\/types\/page"}],"author":[{"embeddable":true,"href":"https:\/\/zuzanaglindova.com\/index.php?rest_route=\/wp\/v2\/users\/1"}],"replies":[{"embeddable":true,"href":"https:\/\/zuzanaglindova.com\/index.php?rest_route=%2Fwp%2Fv2%2Fcomments&post=343"}],"version-history":[{"count":2,"href":"https:\/\/zuzanaglindova.com\/index.php?rest_route=\/wp\/v2\/pages\/343\/revisions"}],"predecessor-version":[{"id":382,"href":"https:\/\/zuzanaglindova.com\/index.php?rest_route=\/wp\/v2\/pages\/343\/revisions\/382"}],"wp:attachment":[{"href":"https:\/\/zuzanaglindova.com\/index.php?rest_route=%2Fwp%2Fv2%2Fmedia&parent=343"}],"curies":[{"name":"wp","href":"https:\/\/api.w.org\/{rel}","templated":true}]}}